{"id":1624,"date":"2025-08-27T17:32:56","date_gmt":"2025-08-27T14:32:56","guid":{"rendered":"https:\/\/www.kalnuslenis.lt\/?page_id=1624"},"modified":"2025-09-19T23:29:59","modified_gmt":"2025-09-19T20:29:59","slug":"gyvenimo-aprasymas","status":"publish","type":"page","link":"https:\/\/www.kalnuslenis.lt\/?page_id=1624","title":{"rendered":"Gyvenimo apra\u0161ymas"},"content":{"rendered":"\n<h1 class=\"wp-block-heading has-text-align-center\">Gyvenimo apra\u0161ymas<br><br><img fetchpriority=\"high\" decoding=\"async\" width=\"683\" height=\"1024\" src=\"https:\/\/www.kalnuslenis.lt\/wp-content\/uploads\/2025\/08\/Andreja_Stulginskiene_1-683x1024.jpg\" alt=\"\" class=\"wp-image-2238\" style=\"width: 400px; float: right; margin-left: 10px;\" srcset=\"https:\/\/www.kalnuslenis.lt\/wp-content\/uploads\/2025\/08\/Andreja_Stulginskiene_1-683x1024.jpg 683w, https:\/\/www.kalnuslenis.lt\/wp-content\/uploads\/2025\/08\/Andreja_Stulginskiene_1-200x300.jpg 200w, https:\/\/www.kalnuslenis.lt\/wp-content\/uploads\/2025\/08\/Andreja_Stulginskiene_1-768x1152.jpg 768w, https:\/\/www.kalnuslenis.lt\/wp-content\/uploads\/2025\/08\/Andreja_Stulginskiene_1-1024x1536.jpg 1024w, https:\/\/www.kalnuslenis.lt\/wp-content\/uploads\/2025\/08\/Andreja_Stulginskiene_1-1366x2048.jpg 1366w, https:\/\/www.kalnuslenis.lt\/wp-content\/uploads\/2025\/08\/Andreja_Stulginskiene_1.jpg 1707w\" sizes=\"(max-width: 683px) 100vw, 683px\" \/><\/h1>\n\n\n\n<h2 class=\"wp-block-heading\">I\u0160SILAVINIMAS:<\/h2>\n\n\n\n<ul class=\"wp-block-list\">\n<li>2025 m. VDU Men\u0173 fakulteto Teatralogijos ir scenos men\u0173 vadybos studij\u0173 programa. Magistrinio darbo tema \u201cTeatro istorin\u0117 atmintis Lietuvos teatre\u201d.<\/li>\n\n\n\n<li>2025 m. gid\u0173 kurs\u0173 baigimo pa\u017eym\u0117jimas. \u0160iauli\u0173 turizmo informacijos centras.<\/li>\n\n\n\n<li>2025 m. nuotoliniai mokymai. Specialiosios pedagogikos ir specialiosios psichologijos ilgalaik\u0117 programa. Ugdymo meistrai.<\/li>\n\n\n\n<li>2011 m. \u0160iauli\u0173 universitete baig\u0117 edukologijos krypties dalyko pedagogikos universitetin\u0119 laipsnio nesuteikian\u010di\u0105 studij\u0173 program\u0105. Suteikta mokytojo profesin\u0117 kvalifikacija.<\/li>\n\n\n\n<li>2011 m. Klaip\u0117dos universitete baig\u0117 dramos re\u017eis\u016bros magistrant\u016bros studij\u0173 program\u0105 ir suteiktas teatro magistro kvalifikacinis laipsnis.<\/li>\n\n\n\n<li>2009 m. Klaip\u0117dos universitete baig\u0117 pagrindini\u0173 universitetini\u0173 re\u017eis\u016bros studij\u0173 program\u0105 ir suteikta teatro bakalauro kvalifikacinis laipsnis ir re\u017eisieriaus profesin\u0117 kvalifikacija.<\/li>\n\n\n\n<li>2004 m. Kauno Juozo Gruod\u017eio konservatorijoje baig\u0117 dainavimo kurs\u0105. Suteikta akademinio choro, ansamblio artist\u0117s kvalifikacija.<\/li>\n\n\n\n<li>2001 m. Tytuv\u0117n\u0173 vidurin\u0117 mokykla<br><\/li>\n<\/ul>\n\n\n\n<hr class=\"wp-block-separator has-alpha-channel-opacity\"\/>\n\n\n\n<h2 class=\"wp-block-heading\">DARBO PATIRTIS:<\/h2>\n\n\n\n<ul class=\"wp-block-list\">\n<li>Nuo 2024 m. Kur\u0161\u0117n\u0173 meno mokykloje teatro mokytoja;<\/li>\n\n\n\n<li>Nuo 2024 m. iki 2025 m. U\u017even\u010dio kult\u016bros centro Vaiguvos skyriaus kult\u016brini\u0173 rengini\u0173 organizator\u0117;<\/li>\n\n\n\n<li>Nuo 2021 m. iki 2024 m. Veliuonos kult\u016bros centro re\u017eisier\u0117;<\/li>\n\n\n\n<li>2020 m. dirbo Kelm\u0117s ma\u017eojo teatro aktore bei re\u017eisiere; Nuo 2019 m. dirba Tytuv\u0117n\u0173 kult\u016bros centro re\u017eisiere;<\/li>\n\n\n\n<li>Nuo 2017 m. iki 2020 m. dirbo Pasvalio kult\u016bros centro Salo\u010di\u0173 skyriaus administratore;<\/li>\n\n\n\n<li>Nuo 2013 m. iki 2017 m. dirbo Naujojoje Akmen\u0117je kult\u016bros r\u016bmuose dramos ir rengini\u0173 re\u017eisier\u0117; Nuo 2011 m. iki 2012 m. dirbo \u0160U Men\u0173 fakultete Teatro katedroje asistente.<\/li>\n\n\n\n<li>Nuo 2009 m. iki 2011 m. Tytuv\u0117n\u0173 kult\u016bros centro meno vadov\u0117<\/li>\n\n\n\n<li class=\"has-black-color has-text-color has-link-color wp-elements-c221ff390c2a0f0caed0a3d59e46c419\">LMTS laikra\u0161tis \u201eM\u0117g\u0117j\u0173 teatras&#8221;, redaktor\u0117 2018-2020 m. <a href=\"https:\/\/www.lnkc.lt\/go.php\/lit\/Lmts-laikrastis-megeju-teatras\/136293\">https:\/\/www.lnkc.lt\/go.php\/lit\/Lmts-laikrastis-megeju-teatras\/136293<\/a><\/li>\n\n\n\n<li class=\"has-black-color has-text-color has-link-color wp-elements-351cb6d792726018d8c750054c27eae1\">2018 m. \u2013 2019 m. teatro \u201e\u0160ouXmas\u201c komandos narys.<\/li>\n<\/ul>\n\n\n\n<hr class=\"wp-block-separator has-alpha-channel-opacity\"\/>\n\n\n\n<h2 class=\"wp-block-heading\">STIPENDIJOS:<\/h2>\n\n\n\n<ul class=\"wp-block-list\">\n<li>2025 m. VDU vardin\u0117 signataro Saliamono Banai\u010dio stipendija u\u017e teatro k\u016bryb\u0105, puosel\u0117jan\u010di\u0105 istorin\u0119 atmint\u012f ir \u012fprasminan\u010di\u0105 S. Banai\u010dio asmenyb\u0119 scenos mene.<\/li>\n\n\n\n<li>2024 m. VDU stipendija u\u017e mokslo ir meno pasiekimus.<\/li>\n\n\n\n<li>2020 m. skirta VDU vardin\u0117 teatrologo Br. Va\u0161kelio stipendija.<\/li>\n<\/ul>\n\n\n\n<h2 class=\"wp-block-heading\">KONKURSAI:<\/h2>\n\n\n\n<ul class=\"wp-block-list\">\n<li>2017 m. Respublikiniame jaunimo vaizdo reporta\u017e\u0173 konkurse \u201eKadro nominacijos 2016\u201d Reporta\u017eo \u201eSocialin\u0117 ir jaunimo organizacij\u0173 veikla\u201c grup\u0117je I vieta Reporta\u017eo \u201eNediskriminuok\u201c k\u016brybin\u0117s grup\u0117s nariams: Karolinai Bagdonaitei, Andr\u0117jai Gri\u010diutei, Edmundui Luk\u0161ui, Algimantui Ra\u0161imui, Deividui Ju\u010dui, Justui Nagrockiui, Lukui Ma\u010diukai, Remigijui Norbutui (Naujosios Akmen\u0117s kult\u016bros centro Jaunimo dramos studija \u201e9-netukas\u201c);<\/li>\n\n\n\n<li>2024 m. VU komunikacijos katedra multimedij\u0173 konkurso \u201eANTSPAUDAS\u201c nugal\u0117toja; Nominacija \u201eMet\u0173 Vizionieriaus ANTSPAUDAS\u201c u\u017e k\u016brybi\u0161kiausi\u0105, meni\u0161kiausi\u0105 ir inovatyviausi\u0105 k\u016brybin\u0119 id\u0117j\u0105 ir pasakojimo b\u016bd\u0105 buvo skirta Andr\u0117jai Stulginskienei u\u017e darb\u0105 tema \u201eVirgu\u010dio laisv\u0117\u201c. \u0160is darbas i\u0161siskyr\u0117 itin k\u016brybi\u0161ku temos pristatymu, kitokia perspektyva \u012f pa\u017e\u012fstam\u0105 tem\u0105, puikiai valdomu \u017eod\u017eiu ir pademonstruotu geb\u0117jimu kalb\u0117ti (ra\u0161yti) kitaip.<\/li>\n\n\n\n<li>2024 m. A\u0161 + Miestas = Kinas 2024 programos laim\u0117tojo filmas \u201eVirgu\u010dio Laisv\u0117\u201c. Kino centre \u201eGarsas\u201c startavo XX-asis trumpametra\u017ei\u0173 film\u0173 festivalis \u201eA\u0161 + Miestas = Kinas\u201c. Festivalio programa buvo sudaryta i\u0161 13-os film\u0173. Festivalio filmus vertino gausi ir kompetetinga komisija: re\u017e. Vytautas Tinteris, re\u017e. Silvestras Polinauskas, aktor\u0117 -re\u017e. Inga Norkut\u0117, aktorius Andrius Povilauskas, psichologas Dainius \u010cerbul\u0117nas. Buvo i\u0161rinkti trys geriausi filmai: I vieta \u2013 \u201eVirgu\u010dio laisv\u0117\u201c. Re\u017eisier\u0117 Andr\u0117ja Stulginskien\u0117. Operatorius monta\u017eo re\u017eisierius Alanas Augustas Buivydas, Aktoriai: Justina Kasiulyt\u0117, Algimantas Ra\u0161imas<\/li>\n<\/ul>\n\n\n\n<h2 class=\"wp-block-heading\">KOLEKTYV\u0172 KATEGORIJOS:<\/h2>\n\n\n\n<ul class=\"wp-block-list\">\n<li>2018 m. Dain\u0173 \u0161vent\u0117 Teatro diena \u201eSau, tautai, \u017emonijai\u201c VYD\u016aNO PASLAPTIS. Pasvalio kult\u016bros centro Salo\u010di\u0173 skyriaus ir Pasvalio Mariaus Katili\u0161kio vie\u0161osios bibliotekos Salo\u010di\u0173 filialo l\u0117li\u0173 teatras \u201eMa\u017eiukas\u201c, re\u017eisier\u0117s Andr\u0117ja Gri\u010diut\u0117, Daiva Jon\u0117nait\u0117. \u0160iam kolektyvui suteikta III kategorija<\/li>\n\n\n\n<li>2018 m. sukurtas muzikinis spektaklis \u201eElenos prisiminim\u0173 takais arba vienos \u017eydait\u0117s istorija\u201c (scen. autor\u0117 ir re\u017e. A. Gri\u010diut\u0117). Dalyvauta XXIV Lietuvos suaugusi\u0173j\u0173 teatr\u0173 ap\u017ei\u016bra- \u0161vent\u0117 \u201eAtspind\u017eiai\u201c. Regioninis turas Pasvalio kult\u016bros centre. Suteikta IV kategorija naujam kolektyvui.<\/li>\n\n\n\n<li>2016 m. respublikin\u0117 teatro vertinimo komisija \u012fvertino \u201eAtspind\u017ei\u0173\u201c diplomu muzikin\u0119 dokumentin\u0119 kronik\u0105 \u201ePartizan\u0173 dain\u0173 aidai\u201c.<\/li>\n\n\n\n<li>2014 m. Akmen\u0117s rajono \u201e\u017demaiti\u0161ko smuikelio\u201c vyr. re\u017eisier\u0117;<\/li>\n\n\n\n<li>2014 m. Naujosios Akmen\u0117s liaudies teatrui suteikta II laipsnio kategorija.<br><\/li>\n<\/ul>\n\n\n\n<hr class=\"wp-block-separator has-alpha-channel-opacity\"\/>\n\n\n\n<h2 class=\"wp-block-heading\">TEATR\u0172 FESTIVALIAI:<\/h2>\n\n\n\n<p>2014 m. Naujosios Akmen\u0117s kult\u016bros r\u016bmuose suorganizuotas 1-asis vaik\u0173 ir jaunimo Teatro festivalis \u201eGrau\u017etukas &#8211; 2014\u201c; 2017 m. suorganizuotas suaugusi\u0173j\u0173 m\u0117g\u0117j\u0173 teatr\u0173 festivalis: \u201eStas\u0117s Ni\u016bniavait\u0117s vaikai\u201c; 2022 m., 2023 m. Tytuv\u0117n\u0173 kult\u016bros centro suaugusi\u0173 m\u0117g\u0117j\u0173 teatr\u0173 \u0161vent\u0117 \u201eGry\u010dios priemen\u0117j\u201c; 2022 m.\/2023 m.\/2024 m.\/ 2025 m. Teatro pavakariai Mockai\u010diuose (kiekvieno m\u0117nesio paskutin\u012f ketvirtadien\u012f); 2023 m. Klangi\u0173 etnografin\u0117je sodyboje Veliuonos kult\u016bros centro suaugusi\u0173 m\u0117g\u0117j\u0173 teatr\u0173 \u0161vent\u0117 \u201eKur giria \u017ealiuoja\u201c. 2024 m. Lietuvos suaugusi\u0173j\u0173 m\u0117g\u0117j\u0173 teatr\u0173 festivalis-konkursas \u201eDEMOSTENAS\u201c, skirtas aktoriui ARNUI ROSENUI atminti. Komisijos nariai: pirmininkas prof. G. B. Padegimas, teatrolog\u0117 E. Markevi\u010di\u016bt\u0117, V\u0160DT aktorius V. Baranauskas, Tytuv\u0117n\u0173 kult\u016bros centro direktorius S. Kilius, \u0160iauli\u0173 r. Kur\u0161\u0117n\u0173 meno mokyklos direktorius R. Snarskis. Dalyviai: \u201eBona Sforca. Atsisveikinimas\u201c pagal Liucijos Armonait\u0117s pjes\u0119. Re\u017eisierius Jonas Buziliauskas Anyk\u0161\u010di\u0173 kult\u016bros centro teatras, vad. J. Buziliauskas; \u201eKokia laim\u0117 gyvent ir b\u016bt gyvam savaime\u201c pagal Marcelijaus Martinai\u010dio poem\u0105 \u201eKuku\u010dio balad\u0117s\u201c. Re\u017eisier\u0117 Jolanta \u0160imaitien\u0117. Raseini\u0173 rajono kult\u016bros centro m\u0117g\u0117j\u0173 teatras \u201eBrai\u017eas\u201c, vad. J. \u0160imaitien\u0117; \u201eTerapijos\u201c pagal Birut\u0117s Kapustinskait\u0117s pjes\u0119. Re\u017eisier\u0117 Violeta Tuomait\u0117. Joni\u0161kio kult\u016bros centro teatras \u201e\u017diburys\u201c, vad. V. Tuomait\u0117; Kra\u017ei\u0173 Motiejaus Kazimiero Sarbievijaus kult\u016bros centras suaugusi\u0173j\u0173 dramos kolektyvas \u201eStop kadras\u201c, vad. J. Sankauskien\u0117; Suaugusi\u0173j\u0173 m\u0117g\u0117j\u0173 teatras \u201eEr\u010dia\u201c i\u0161 Vingio gatv\u0117s, vad. A. Stulginskien\u0117. 2024 m. meno festivalis \u201eSod\u017eius\u201c U\u017even\u010dio kult\u016bros centro Vaiguvos skyriuje.<\/p>\n\n\n\n<hr class=\"wp-block-separator has-alpha-channel-opacity\"\/>\n\n\n\n<h2 class=\"wp-block-heading\">PROJEKTAI.<\/h2>\n\n\n\n<p>2021 m. LKT finansuotas projektas muzikin\u0117 drama Bernardin\u0173 ordinas \u201eLelijos vardu\u201c;<br>2021 m. LKT finansuotas projektas \u201cBridvai\u0161is. Po \u017eemaiti\u0161ka skara\u201d2020 m. LKT finansuotas projektas \u201e10 t\u016bkstan\u010di\u0173 auksin\u0173\u201c; 2019 m. LKT finansuotas projektas \u201eAntanin\u0117s ant M\u016b\u0161os\u201c;015 m. G. Steponavi\u010diaus paramos fondas \u201eJaunimo iniciatyva\u201c projektui \u201ePartizan\u0173 dain\u0173 aidai\u201c;2014 m. LKT finansuotas projektas. Spektaklis, bendravimo paskaitos, vie\u0161os repeticijos, Menas (NE)tyl\u0117ti arba kas man\u0119s pasiges?\u201c KELM\u0116S RAJONO SAVIVALDYB\u0116S PROJEKTAI 2024 m. Vaik\u0173 stovykla. Ekspedicija po Vaiguvos kra\u0161t\u0105 \u201eVaiguva vaiko akimis\u201c 2021 m. VAIK\u0172 STOVYKLOS \u201eJaunieji<br>architektai\u201c, \u201eBendruomeni\u0173 vaikai &#8211; floristai\u201c, \u201eTeatro eksperimentas I\u0160GYVENTI\u201c<\/p>\n\n\n\n<h2 class=\"wp-block-heading\">SEMINARAI<\/h2>\n\n\n\n<p>2025 m. gegu\u017e\u0117s 23 d. 7 val. seminaro-praktikumo ,,Ugdymo naujov\u0117s meno\/muzikos mokykloje. Meistri\u0161kumo pamokos\u201c metu pristat\u0117 prane\u0161im\u0105 ,,\u012e scen\u0105 su baime. A\u0161 j\u0105? Ar ji mane?\u201c Kelm\u0117s r. Tytuv\u0117n\u0173 gimnazijos meno skyriuje.<\/p>\n\n\n\n<h2 class=\"wp-block-heading\">NARYST\u0116<\/h2>\n\n\n\n<p>Nuo 2025 m. LATGOS nar\u0117<\/p>\n\n\n\n<p><\/p>\n","protected":false},"excerpt":{"rendered":"<p>Gyvenimo apra\u0161ymas I\u0160SILAVINIMAS: DARBO PATIRTIS: STIPENDIJOS: KONKURSAI: KOLEKTYV\u0172 KATEGORIJOS: TEATR\u0172 FESTIVALIAI: 2014 m. Naujosios Akmen\u0117s kult\u016bros r\u016bmuose suorganizuotas 1-asis vaik\u0173 ir jaunimo Teatro festivalis \u201eGrau\u017etukas &#8211; 2014\u201c; 2017 m. suorganizuotas suaugusi\u0173j\u0173 m\u0117g\u0117j\u0173 teatr\u0173 festivalis: \u201eStas\u0117s Ni\u016bniavait\u0117s vaikai\u201c; 2022 m., 2023 m. Tytuv\u0117n\u0173 kult\u016bros centro suaugusi\u0173 m\u0117g\u0117j\u0173 teatr\u0173 \u0161vent\u0117 \u201eGry\u010dios priemen\u0117j\u201c; 2022 m.\/2023 m.\/2024 m.\/ 2025 [&hellip;]<\/p>\n","protected":false},"author":1,"featured_media":2238,"parent":0,"menu_order":0,"comment_status":"closed","ping_status":"closed","template":"","meta":{"_acf_changed":false,"footnotes":""},"class_list":["post-1624","page","type-page","status-publish","has-post-thumbnail","hentry"],"acf":[],"rttpg_featured_image_url":{"full":["https:\/\/www.kalnuslenis.lt\/wp-content\/uploads\/2025\/08\/Andreja_Stulginskiene_1.jpg",1707,2560,false],"landscape":["https:\/\/www.kalnuslenis.lt\/wp-content\/uploads\/2025\/08\/Andreja_Stulginskiene_1.jpg",1707,2560,false],"portraits":["https:\/\/www.kalnuslenis.lt\/wp-content\/uploads\/2025\/08\/Andreja_Stulginskiene_1.jpg",1707,2560,false],"thumbnail":["https:\/\/www.kalnuslenis.lt\/wp-content\/uploads\/2025\/08\/Andreja_Stulginskiene_1-150x150.jpg",150,150,true],"medium":["https:\/\/www.kalnuslenis.lt\/wp-content\/uploads\/2025\/08\/Andreja_Stulginskiene_1-200x300.jpg",200,300,true],"large":["https:\/\/www.kalnuslenis.lt\/wp-content\/uploads\/2025\/08\/Andreja_Stulginskiene_1-683x1024.jpg",683,1024,true],"1536x1536":["https:\/\/www.kalnuslenis.lt\/wp-content\/uploads\/2025\/08\/Andreja_Stulginskiene_1-1024x1536.jpg",1024,1536,true],"2048x2048":["https:\/\/www.kalnuslenis.lt\/wp-content\/uploads\/2025\/08\/Andreja_Stulginskiene_1-1366x2048.jpg",1366,2048,true]},"rttpg_author":{"display_name":"Kalnu_Slenis","author_link":"https:\/\/www.kalnuslenis.lt\/?author=1"},"rttpg_comment":0,"rttpg_category":" <a href=\"https:\/\/www.kalnuslenis.lt\/\" rel=\"tag\">LT<\/a>","rttpg_excerpt":"Gyvenimo apra\u0161ymas I\u0160SILAVINIMAS: DARBO PATIRTIS: STIPENDIJOS: KONKURSAI: KOLEKTYV\u0172 KATEGORIJOS: TEATR\u0172 FESTIVALIAI: 2014 m. Naujosios Akmen\u0117s kult\u016bros r\u016bmuose suorganizuotas 1-asis vaik\u0173 ir jaunimo Teatro festivalis \u201eGrau\u017etukas &#8211; 2014\u201c; 2017 m. suorganizuotas suaugusi\u0173j\u0173 m\u0117g\u0117j\u0173 teatr\u0173 festivalis: \u201eStas\u0117s Ni\u016bniavait\u0117s vaikai\u201c; 2022 m., 2023 m. Tytuv\u0117n\u0173 kult\u016bros centro suaugusi\u0173 m\u0117g\u0117j\u0173 teatr\u0173 \u0161vent\u0117 \u201eGry\u010dios priemen\u0117j\u201c; 2022 m.\/2023 m.\/2024 m.\/ 2025&hellip;","_links":{"self":[{"href":"https:\/\/www.kalnuslenis.lt\/index.php?rest_route=\/wp\/v2\/pages\/1624","targetHints":{"allow":["GET"]}}],"collection":[{"href":"https:\/\/www.kalnuslenis.lt\/index.php?rest_route=\/wp\/v2\/pages"}],"about":[{"href":"https:\/\/www.kalnuslenis.lt\/index.php?rest_route=\/wp\/v2\/types\/page"}],"author":[{"embeddable":true,"href":"https:\/\/www.kalnuslenis.lt\/index.php?rest_route=\/wp\/v2\/users\/1"}],"replies":[{"embeddable":true,"href":"https:\/\/www.kalnuslenis.lt\/index.php?rest_route=%2Fwp%2Fv2%2Fcomments&post=1624"}],"version-history":[{"count":0,"href":"https:\/\/www.kalnuslenis.lt\/index.php?rest_route=\/wp\/v2\/pages\/1624\/revisions"}],"wp:featuredmedia":[{"embeddable":true,"href":"https:\/\/www.kalnuslenis.lt\/index.php?rest_route=\/wp\/v2\/media\/2238"}],"wp:attachment":[{"href":"https:\/\/www.kalnuslenis.lt\/index.php?rest_route=%2Fwp%2Fv2%2Fmedia&parent=1624"}],"curies":[{"name":"wp","href":"https:\/\/api.w.org\/{rel}","templated":true}]}}