{"id":26,"date":"2025-07-13T12:36:26","date_gmt":"2025-07-13T12:36:26","guid":{"rendered":"https:\/\/www.kalnuslenis.lt\/?page_id=26"},"modified":"2025-08-31T14:30:13","modified_gmt":"2025-08-31T11:30:13","slug":"kontaktai","status":"publish","type":"page","link":"https:\/\/www.kalnuslenis.lt\/?page_id=26","title":{"rendered":"Kontaktai"},"content":{"rendered":"\n<h1 class=\"wp-block-heading has-text-align-center\">Kontaktai<\/h1>\n\n\n\n<p class=\"has-black-color has-text-color has-link-color wp-elements-69d73b173bd9492cee4c141a1423051d\"><strong>Andr\u0117ja Stulginskien\u0117<\/strong> 1982-10-06<br>Re\u017eisier\u0117, l\u0117linink\u0117, teatralog\u0117, pedagog\u0117 ir gid\u0117 (Ubag\u0117 Stancik\u0117)<br>Vingio g. 20, Linkai\u010di\u0173 km., Joni\u0161kio r. Tel. nr. <a href=\"tel:37060522481\">+370 605 22481<\/a><br>El. p. <a href=\"mailto:ozkasilis@gmail.com\">ozkasilis@gmail.com<\/a>, <a href=\"mailto:andre.griciute@gmail.com\">andre.griciute@gmail.com<\/a><\/p>\n\n\n\n<p><\/p>\n","protected":false},"excerpt":{"rendered":"<p>Kontaktai Andr\u0117ja Stulginskien\u0117 1982-10-06Re\u017eisier\u0117, l\u0117linink\u0117, teatralog\u0117, pedagog\u0117 ir gid\u0117 (Ubag\u0117 Stancik\u0117)Vingio g. 20, Linkai\u010di\u0173 km., Joni\u0161kio r. Tel. nr. +370 605 22481El. p. ozkasilis@gmail.com, andre.griciute@gmail.com<\/p>\n","protected":false},"author":1,"featured_media":0,"parent":0,"menu_order":0,"comment_status":"closed","ping_status":"closed","template":"","meta":{"_acf_changed":false,"footnotes":""},"class_list":["post-26","page","type-page","status-publish","hentry"],"acf":[],"rttpg_featured_image_url":null,"rttpg_author":{"display_name":"Kalnu_Slenis","author_link":"https:\/\/www.kalnuslenis.lt\/?author=1"},"rttpg_comment":0,"rttpg_category":" <a href=\"https:\/\/www.kalnuslenis.lt\/\" rel=\"tag\">LT<\/a>","rttpg_excerpt":"Kontaktai Andr\u0117ja Stulginskien\u0117 1982-10-06Re\u017eisier\u0117, l\u0117linink\u0117, teatralog\u0117, pedagog\u0117 ir gid\u0117 (Ubag\u0117 Stancik\u0117)Vingio g. 20, Linkai\u010di\u0173 km., Joni\u0161kio r. Tel. nr. +370 605 22481El. p. ozkasilis@gmail.com, andre.griciute@gmail.com","_links":{"self":[{"href":"https:\/\/www.kalnuslenis.lt\/index.php?rest_route=\/wp\/v2\/pages\/26","targetHints":{"allow":["GET"]}}],"collection":[{"href":"https:\/\/www.kalnuslenis.lt\/index.php?rest_route=\/wp\/v2\/pages"}],"about":[{"href":"https:\/\/www.kalnuslenis.lt\/index.php?rest_route=\/wp\/v2\/types\/page"}],"author":[{"embeddable":true,"href":"https:\/\/www.kalnuslenis.lt\/index.php?rest_route=\/wp\/v2\/users\/1"}],"replies":[{"embeddable":true,"href":"https:\/\/www.kalnuslenis.lt\/index.php?rest_route=%2Fwp%2Fv2%2Fcomments&post=26"}],"version-history":[{"count":0,"href":"https:\/\/www.kalnuslenis.lt\/index.php?rest_route=\/wp\/v2\/pages\/26\/revisions"}],"wp:attachment":[{"href":"https:\/\/www.kalnuslenis.lt\/index.php?rest_route=%2Fwp%2Fv2%2Fmedia&parent=26"}],"curies":[{"name":"wp","href":"https:\/\/api.w.org\/{rel}","templated":true}]}}